
What is the thousands digit of 29868?
9
What is the thousands digit of 80446?
0
What is the thousands digit of 2971?
2
What is the hundreds digit of 9237?
2
What is the ten thousands digit of 11051?
1
What is the units digit of 93?
3
What is the hundreds digit of 269?
2
What is the units digit of 580?
0
What is the thousands digit of 3450?
3
What is the hundreds digit of 86846?
8
What is the thousands digit of 1510?
1
What is the tens digit of 12409?
0
What is the tens digit of 249?
4
What is the units digit of 943?
3
What is the units digit of 39947?
7
What is the ten thousands digit of 13529?
1
What is the hundreds digit of 6990?
9
What is the hundreds digit of 904?
9
What is the thousands digit of 13759?
3
What is the tens digit of 18234?
3
What is the ten thousands digit of 13237?
1
What is the thousands digit of 19546?
9
What is the hundreds digit of 6020?
0
What is the hundreds digit of 1394?
3
What is the units digit of 6186?
6
What is the tens digit of 49215?
1
What is the units digit of 1583?
3
What is the tens digit of 16540?
4
What is the tens digit of 1158?
5
What is the units digit of 2615?
5
What is the thousands digit of 3792?
3
What is the units digit of 33585?
5
What is the hundreds digit of 1327?
3
What is the units digit of 16934?
4
What is the units digit of 14828?
8
What is the thousands digit of 97579?
7
What is the thousands digit of 30734?
0
What is the units digit of 1102?
2
What is the units digit of 1287?
7
What is the ten thousands digit of 117401?
1
What is the hundreds digit of 2399?
3
What is the tens digit of 274?
7
What is the tens digit of 132?
3
What is the tens digit of 7535?
3
What is the hundred thousands digit of 124148?
1
What is the units digit of 39?
9
What is the units digit of 918?
8
What is the thousands digit of 16679?
6
What is the hundreds digit of 4494?
4
What is the units digit of 1026?
6
What is the thousands digit of 104094?
4
What is the tens digit of 3125?
2
What is the tens digit of 6710?
1
What is the thousands digit of 36107?
6
What is the hundreds digit of 120347?
3
What is the units digit of 37555?
5
What is the tens digit of 1084?
8
What is the thousands digit of 4075?
4
What is the hundreds digit of 849?
8
What is the thousands digit of 3255?
3
What is the units digit of 26278?
8
What is the thousands digit of 4018?
4
What is the thousands digit of 43141?
3
What is the units digit of 425?
5
What is the thousands digit of 8639?
8
What is the thousands digit of 16735?
6
What is the tens digit of 4233?
3
What is the thousands digit of 44449?
4
What is the units digit of 1295?
5
What is the units digit of 539?
9
What is the units digit of 2208?
8
What is the ten thousands digit of 47577?
4
What is the units digit of 22844?
4
What is the thousands digit of 109718?
9
What is the tens digit of 3412?
1
What is the units digit of 1230?
0
What is the hundreds digit of 30757?
7
What is the units digit of 59609?
9
What is the hundreds digit of 103?
1
What is the hundreds digit of 2714?
7
What is the hundreds digit of 1046?
0
What is the hundreds digit of 28799?
7
What is the thousands digit of 93316?
3
What is the ten thousands digit of 30459?
3
What is the thousands digit of 2190?
2
What is the tens digit of 108813?
1
What is the thousands digit of 3223?
3
What is the tens digit of 547?
4
What is the tens digit of 2119?
1
What is the tens digit of 18397?
9
What is the tens digit of 524?
2
What is the units digit of 7?
7
What is the thousands digit of 5259?
5
What is the tens digit of 2934?
3
What is the ten thousands digit of 33444?
3
What is the tens digit of 1648?
4
What is the ten thousands digit of 12427?
1
What is the units digit of 2856?
6
What is the thousands digit of 3041?
3
What is the thousands digit of 73972?
3
What is the hundreds digit of 11676?
6
What is the units digit of 43360?
0
What is the hundred thousands digit of 100342?
1
What is the hundreds digit of 299?
2
What is the tens digit of 11108?
0
What is the tens digit of 46467?
6
What is the ten thousands digit of 94397?
9
What is the tens digit of 831?
3
What is the thousands digit of 87334?
7
What is the thousands digit of 3354?
3
What is the units digit of 314?
4
What is the hundreds digit of 343?
3
What is the thousands digit of 2316?
2
What is the tens digit of 693?
9
What is the units digit of 41034?
4
What is the tens digit of 28111?
1
What is the thousands digit of 1542?
1
What is the units digit of 4562?
2
What is the ten thousands digit of 87850?
8
What is the ten thousands digit of 47136?
4
What is the units digit of 9239?
9
What is the units digit of 31097?
7
What is the hundreds digit of 267?
2
What is the hundreds digit of 6292?
2
What is the units digit of 548?
8
What is the thousands digit of 1871?
1
What is the tens digit of 659?
5
What is the hundreds digit of 846?
8
What is the units digit of 1883?
3
What is the tens digit of 58?
5
What is the units digit of 1054?
4
What is the hundreds digit of 380?
3
What is the thousands digit of 10027?
0
What is the hundreds digit of 233?
2
What is the tens digit of 6255?
5
What is the hundreds digit of 801?
8
What is the hundreds digit of 4799?
7
What is the thousands digit of 7475?
7
What is the thousands digit of 1303?
1
What is the tens digit of 4740?
4
What is the units digit of 582?
2
What is the units digit of 9?
9
What is the ten thousands digit of 33425?
3
What is the hundreds digit of 677?
6
What is the thousands digit of 51649?
1
What is the thousands digit of 5708?
5
What is the hundreds digit of 3027?
0
What is the hundreds digit of 2759?
7
What is the thousands digit of 4087?
4
What is the tens digit of 13001?
0
What is the tens digit of 44504?
0
What is the tens digit of 783?
8
What is the units digit of 38390?
0
What is the thousands digit of 1855?
1
What is the thousands digit of 2076?
2
What is the hundreds digit of 21900?
9
What is the ten thousands digit of 19364?
1
What is the hundreds digit of 839?
8
What is the thousands digit of 1211?
1
What is the units digit of 6824?
4
What is the tens digit of 92?
9
What is the tens digit of 124923?
2
What is the hundreds digit of 943?
9
What is the tens digit of 1088?
8
What is the tens digit of 627?
2
What is the tens digit of 22261?
6
What is the units digit of 3761?
1
What is the hundreds digit of 577?
5
What is the thousands digit of 1091?
1
What is the hundreds digit of 22028?
0
What is the hundreds digit of 26013?
0
What is the units digit of 6739?
9
What is the units digit of 997?
7
What is the hundreds digit of 2435?
4
What is the thousands digit of 1005?
1
What is the units digit of 33168?
8
What is the tens digit of 184?
8
What is the units digit of 39644?
4
What is the ten thousands digit of 12120?
1
What is the ten thousands digit of 92099?
9
What is the units digit of 6727?
7
What is the hundreds digit of 9052?
0
What is the thousands digit of 17236?
7
What is the thousands digit of 24430?
4
What is the hundreds digit of 2492?
4
What is the hundreds digit of 1026?
0
What is the thousands digit of 3648?
3
What is the units digit of 517?
7
What is the units digit of 9792?
2
What is the tens digit of 29114?
1
What is the hundreds digit of 15171?
1
What is the hundreds digit of 3439?
4
What is the hundreds digit of 999?
9
What is the ten thousands digit of 80612?
8
What is the thousands digit of 10257?
0
What is the hundreds digit of 58158?
1
What is the ten thousands digit of 31098?
3
What is the thousands digit of 3442?
3
What is the units digit of 5641?
1
What is the tens digit of 208?
0
What is the tens digit of 564?
6
What is the thousands digit of 10305?
0
What is the ten thousands digit of 19937?
1
What is the thousands digit of 1085?
1
What is the ten thousands digit of 35445?
3
What is the tens digit of 2944?
4
What is the tens digit of 48749?
4
What is the units digit of 1987?
7
What is the tens digit of 582?
8
What is the units digit of 4713?
3
What is the units digit of 2043?
3
What is the thousands digit of 2280?
2
What is the units digit of 875?
5
What is the thousands digit of 5988?
5
What is the hundreds digit of 2356?
3
What is the hundreds digit of 4505?
5
What is the hundreds digit of 59142?
1
What is the hundreds digit of 2116?
1
What is the thousands digit of 8365?
8
What 